{"id":1872,"date":"2026-01-29T16:43:50","date_gmt":"2026-01-29T16:43:50","guid":{"rendered":"https:\/\/tecnosegno.it\/?page_id=1872"},"modified":"2026-01-29T17:10:07","modified_gmt":"2026-01-29T17:10:07","slug":"cookie-policy","status":"publish","type":"page","link":"https:\/\/tecnosegno.it\/?page_id=1872","title":{"rendered":"Cookie Policy"},"content":{"rendered":"\t\t<div data-elementor-type=\"wp-page\" data-elementor-id=\"1872\" class=\"elementor elementor-1872\">\n\t\t\t\t<div class=\"elementor-element elementor-element-43872355 e-flex e-con-boxed e-con e-parent\" data-id=\"43872355\" data-element_type=\"container\" data-e-type=\"container\">\n\t\t\t\t\t<div class=\"e-con-inner\">\n\t\t\t\t<div class=\"elementor-element elementor-element-4f27526f elementor-widget elementor-widget-text-editor\" data-id=\"4f27526f\" data-element_type=\"widget\" data-e-type=\"widget\" data-widget_type=\"text-editor.default\">\n\t\t\t\t\t\t\t\t\t<p class=\"p1\">Cookie<\/p><p class=\"p2\"><b>COSA SONO I COOKIES<\/b><b><\/b><\/p><p class=\"p2\">I cookie, come descritto da normativa di riferimento, sono stringhe di testo di piccole dimensioni che i siti visitati dall\u2019utente inviano al suo terminale (solitamente al browser), dove vengono memorizzati per essere poi ritrasmessi agli stessi siti alla successiva visita del medesimo utente. Nel corso della navigazione su un sito, l\u2019utente pu\u00f2 ricevere sul suo terminale anche cookie che vengono inviati da siti o da web server diversi (c.d. \u201cterze parti\u201d), sui quali possono risiedere alcuni elementi (quali, ad esempio, immagini, mappe, suoni, specifici link a pagine di altri domini) presenti sul sito che lo stesso sta visitando. I cookie sono usati per differenti finalit\u00e0: esecuzione di autenticazioni informatiche, monitoraggio di sessioni, memorizzazione di informazioni su specifiche configurazioni riguardanti gli utenti che accedono al server, ecc. Si precisa che in attuazione delle disposizioni contenute nella direttiva 2009\/136\/CE, \u00e8 previsto l\u2019obbligo di acquisire il consenso preventivo e informato degli utenti all\u2019installazione di cookie utilizzati per finalit\u00e0 diverse da quelle meramente tecniche (cfr. art. 1, comma 5, lett. a), del d. lgs. 28 maggio 2012, n. 69, che ha modificato l\u2019art. 122 del D.lgs. 196\/2003 \u2013 il \u201cCodice\u201d). Si individuano pertanto due macro-categorie: cookie \u201ctecnici\u201d e cookie \u201cdi profilazione\u201d:<\/p><p class=\"p2\">a. Cookie tecnici.<br \/>I cookie tecnici sono quelli utilizzati al solo fine di \u201ceffettuare la trasmissione di una comunicazione su una rete di comunicazione elettronica, o nella misura strettamente necessaria al fornitore di un servizio della societ\u00e0 dell\u2019informazione esplicitamente richiesto dall\u2019abbonato o dall\u2019utente a erogare tale servizio\u201d (cfr. art. 122, comma 1, del Codice). Essi non vengono utilizzati per scopi ulteriori e sono normalmente installati direttamente dal titolare o gestore del sito web. Possono essere suddivisi in cookie di navigazione o di sessione, che garantiscono la normale navigazione e fruizione del sito web (permettendo, ad esempio, di realizzare un acquisto o autenticarsi per accedere ad aree riservate); cookie analytics, assimilati ai cookie tecnici laddove utilizzati direttamente dal gestore del sito per raccogliere informazioni, in forma aggregata, sul numero degli utenti e su come questi visitano il sito stesso; cookie di funzionalit\u00e0, che permettono all\u2019utente la navigazione in funzione di una serie di criteri selezionati (ad esempio, la lingua, i prodotti selezionati per l\u2019acquisto) al fine di migliorare il servizio reso allo stesso. Per l\u2019installazione di tali cookie non \u00e8 richiesto il preventivo consenso degli utenti, mentre resta fermo l\u2019obbligo di dare l\u2019informativa ai sensi dell\u2019art. 13 del Codice.<\/p><p class=\"p2\">b. Cookie di profilazione.<br \/>I cookie di profilazione sono volti a creare profili relativi all\u2019utente e vengono utilizzati al fine di inviare messaggi pubblicitari in linea con le preferenze manifestate dallo stesso nell\u2019ambito della navigazione in rete. In ragione della particolare invasivit\u00e0 che tali dispositivi possono avere nell\u2019ambito della sfera privata degli utenti, la normativa europea e italiana prevede che l\u2019utente debba essere adeguatamente informato sull\u2019uso degli stessi ed esprimere cos\u00ec il proprio valido consenso. Ad essi si riferisce l\u2019art. 122 del Codice laddove prevede che \u201cl\u2019archiviazione delle informazioni nell\u2019apparecchio terminale di un contraente o di un utente o l\u2019accesso a informazioni gi\u00e0 archiviate sono consentiti unicamente a condizione che il contraente o l\u2019utente abbia espresso il proprio consenso dopo essere stato informato con le modalit\u00e0 semplificate di cui all\u2019articolo 13, comma 3\u201d (art. 122, comma 1, del Codice).<\/p><p class=\"p2\">\u00a0<\/p><p class=\"p2\"><b>COME DISABILITARE I COOKIES<\/b><b><\/b><\/p><p class=\"p2\">I browser pi\u00f9 diffusi prevedono la possibilit\u00e0 di bloccare esclusivamente i cookies di terze parti, accettando solo quelli propri del sito. Inoltre, alcune societ\u00e0 che generano cookies su siti terzi, offrono la possibilit\u00e0 di disattivare e\/o inibire in modo semplice e immediato solo i propri cookies, anche quando questi sono anonimi, ovvero non comportano la registrazione di dati personali identificativi (quali, a titolo esemplificativo, l\u2019indirizzo IP).<br \/>La maggioranza dei browser internet sono inizialmente impostati per accettare i cookies in modo automatico.<\/p><p class=\"p2\">Se l\u2019utente desidera che il suo computer non riceva e memorizzi cookies, pu\u00f2 modificare le impostazioni di sicurezza del suo browser (Internet Explorer, Google Chrome, Safari etc.).<\/p><p class=\"p3\">Per\u00a0 modificare l\u2019utilizzo dei cookies attraverso le impostazioni del browser, di seguito si riportano brevi istruzioni su come effettuare questa operazione nei quattro browser pi\u00f9 diffusi:<br \/><b>MICROSOFT INTERNET EXPLORER<\/b><br \/>Cliccare l\u2019icona \u2018Strumenti\u2019 nell\u2019angolo in alto a destra e selezionare \u2018Opzioni internet\u2019. Nella finestra pop up selezionare\u00a0 \u2018Privacy\u2019. Da qui si potranno regolare le impostazioni dei cookies.<br \/><b>GOOGLE CHROME<\/b><br \/>Cliccare la chiave inglese nell\u2019angolo\u00a0 in alto a destra e selezionare\u00a0 \u2018Impostazioni\u2019. A questo punto selezionare \u2018Mostra impostazioni avanzate\u2019 (\u201cUnder the hood\u2019\u201d) e cambiare le impostazioni della \u2018Privacy\u2019.<br \/><b>MOZILLA FIREFOX<\/b><br \/>Dal menu a tendina nell\u2019angolo in alto a sinistra selezionare \u2018Opzioni\u2019. Nella finestra di pop up selezionare\u00a0 \u2018Privacy\u2019. Da qui si potranno regolare le impostazioni dei cookies.<br \/><b>SAFARI<\/b><br \/>Dal menu di impostazione a tendina nell\u2019angolo in alto a destra selezionare\u00a0 \u2018Preferenze\u2019. Selezionare\u00a0 \u2018Sicurezza\u2019 per regolare le impostazioni dei cookies.<br \/>Per saperne di pi\u00f9 riguardo ai cookie e come gestire o disabilitare quelli di terze parti o di marketing\/retargeting, \u00e8 possibile visitare\u00a0<a href=\"http:\/\/www.youronlinechoices.com\/\"><span class=\"s1\"><b>WWW.YOURONLINECHOICES.COM<\/b><\/span><\/a>.<\/p><p class=\"p2\">Per disabilitare i cookie analitici e per impedire a Google Analytics di raccogliere dati sulla navigazione, \u00e8 possibile scaricare il Componente aggiuntivo del browser per la disattivazione di Google Analytics:<a href=\"https:\/\/tools.google.com\/dlpage\/gaoptout\"><span class=\"s1\"><b>HTTPS:\/\/TOOLS.GOOGLE.COM\/DLPAGE\/GAOPTOUT<\/b><\/span><\/a><a href=\"https:\/\/tools.google.com\/dlpage\/gaoptout?hl=it\"><span class=\"s1\"><b>.<\/b><b><\/b><\/span><\/a><\/p><p class=\"p2\">\u00a0<\/p><p class=\"p2\">V.2015\/10\/07<\/p>\t\t\t\t\t\t\t\t<\/div>\n\t\t\t\t<div class=\"elementor-element elementor-element-7c7cdeb elementor-align-center elementor-widget elementor-widget-button\" data-id=\"7c7cdeb\" data-element_type=\"widget\" data-e-type=\"widget\" data-widget_type=\"button.default\">\n\t\t\t\t\t\t\t\t\t\t<a class=\"elementor-button elementor-button-link elementor-size-sm\" href=\"https:\/\/tecnosegno.it\/\">\n\t\t\t\t\t\t<span class=\"elementor-button-content-wrapper\">\n\t\t\t\t\t\t\t\t\t<span class=\"elementor-button-text\">TORNA IN HOMEPAGE<\/span>\n\t\t\t\t\t<\/span>\n\t\t\t\t\t<\/a>\n\t\t\t\t\t\t\t\t<\/div>\n\t\t\t\t\t<\/div>\n\t\t\t\t<\/div>\n\t\t\t\t<\/div>\n\t\t","protected":false},"excerpt":{"rendered":"<p>Cookie COSA SONO I COOKIES I cookie, come descritto da normativa di riferimento, sono stringhe di testo di piccole dimensioni che i siti visitati dall\u2019utente inviano al suo terminale (solitamente al browser), dove vengono memorizzati per essere poi ritrasmessi agli stessi siti alla successiva visita del medesimo utente. Nel corso della navigazione su un sito, [&hellip;]<\/p>\n","protected":false},"author":1,"featured_media":0,"parent":0,"menu_order":0,"comment_status":"closed","ping_status":"closed","template":"","meta":{"_joinchat":[],"footnotes":""},"class_list":["post-1872","page","type-page","status-publish","hentry"],"yoast_head":"<!-- This site is optimized with the Yoast SEO plugin v27.3 - https:\/\/yoast.com\/product\/yoast-seo-wordpress\/ -->\n<title>Cookie Policy - Tecnosegno<\/title>\n<meta name=\"robots\" content=\"index, follow, max-snippet:-1, max-image-preview:large, max-video-preview:-1\" \/>\n<link rel=\"canonical\" href=\"https:\/\/tecnosegno.it\/?page_id=1872\" \/>\n<meta property=\"og:locale\" content=\"it_IT\" \/>\n<meta property=\"og:type\" content=\"article\" \/>\n<meta property=\"og:title\" content=\"Cookie Policy - Tecnosegno\" \/>\n<meta property=\"og:description\" content=\"Cookie COSA SONO I COOKIES I cookie, come descritto da normativa di riferimento, sono stringhe di testo di piccole dimensioni che i siti visitati dall\u2019utente inviano al suo terminale (solitamente al browser), dove vengono memorizzati per essere poi ritrasmessi agli stessi siti alla successiva visita del medesimo utente. Nel corso della navigazione su un sito, [&hellip;]\" \/>\n<meta property=\"og:url\" content=\"https:\/\/tecnosegno.it\/?page_id=1872\" \/>\n<meta property=\"og:site_name\" content=\"Tecnosegno\" \/>\n<meta property=\"article:modified_time\" content=\"2026-01-29T17:10:07+00:00\" \/>\n<meta name=\"twitter:card\" content=\"summary_large_image\" \/>\n<meta name=\"twitter:label1\" content=\"Tempo di lettura stimato\" \/>\n\t<meta name=\"twitter:data1\" content=\"5 minuti\" \/>\n<script type=\"application\/ld+json\" class=\"yoast-schema-graph\">{\"@context\":\"https:\\\/\\\/schema.org\",\"@graph\":[{\"@type\":\"WebPage\",\"@id\":\"https:\\\/\\\/tecnosegno.it\\\/?page_id=1872\",\"url\":\"https:\\\/\\\/tecnosegno.it\\\/?page_id=1872\",\"name\":\"Cookie Policy - Tecnosegno\",\"isPartOf\":{\"@id\":\"https:\\\/\\\/tecnosegno.it\\\/#website\"},\"datePublished\":\"2026-01-29T16:43:50+00:00\",\"dateModified\":\"2026-01-29T17:10:07+00:00\",\"breadcrumb\":{\"@id\":\"https:\\\/\\\/tecnosegno.it\\\/?page_id=1872#breadcrumb\"},\"inLanguage\":\"it-IT\",\"potentialAction\":[{\"@type\":\"ReadAction\",\"target\":[\"https:\\\/\\\/tecnosegno.it\\\/?page_id=1872\"]}]},{\"@type\":\"BreadcrumbList\",\"@id\":\"https:\\\/\\\/tecnosegno.it\\\/?page_id=1872#breadcrumb\",\"itemListElement\":[{\"@type\":\"ListItem\",\"position\":1,\"name\":\"Home\",\"item\":\"https:\\\/\\\/tecnosegno.it\\\/\"},{\"@type\":\"ListItem\",\"position\":2,\"name\":\"Cookie Policy\"}]},{\"@type\":\"WebSite\",\"@id\":\"https:\\\/\\\/tecnosegno.it\\\/#website\",\"url\":\"https:\\\/\\\/tecnosegno.it\\\/\",\"name\":\"Tecnosegno\",\"description\":\"\",\"potentialAction\":[{\"@type\":\"SearchAction\",\"target\":{\"@type\":\"EntryPoint\",\"urlTemplate\":\"https:\\\/\\\/tecnosegno.it\\\/?s={search_term_string}\"},\"query-input\":{\"@type\":\"PropertyValueSpecification\",\"valueRequired\":true,\"valueName\":\"search_term_string\"}}],\"inLanguage\":\"it-IT\"}]}<\/script>\n<!-- \/ Yoast SEO plugin. -->","yoast_head_json":{"title":"Cookie Policy - Tecnosegno","robots":{"index":"index","follow":"follow","max-snippet":"max-snippet:-1","max-image-preview":"max-image-preview:large","max-video-preview":"max-video-preview:-1"},"canonical":"https:\/\/tecnosegno.it\/?page_id=1872","og_locale":"it_IT","og_type":"article","og_title":"Cookie Policy - Tecnosegno","og_description":"Cookie COSA SONO I COOKIES I cookie, come descritto da normativa di riferimento, sono stringhe di testo di piccole dimensioni che i siti visitati dall\u2019utente inviano al suo terminale (solitamente al browser), dove vengono memorizzati per essere poi ritrasmessi agli stessi siti alla successiva visita del medesimo utente. Nel corso della navigazione su un sito, [&hellip;]","og_url":"https:\/\/tecnosegno.it\/?page_id=1872","og_site_name":"Tecnosegno","article_modified_time":"2026-01-29T17:10:07+00:00","twitter_card":"summary_large_image","twitter_misc":{"Tempo di lettura stimato":"5 minuti"},"schema":{"@context":"https:\/\/schema.org","@graph":[{"@type":"WebPage","@id":"https:\/\/tecnosegno.it\/?page_id=1872","url":"https:\/\/tecnosegno.it\/?page_id=1872","name":"Cookie Policy - Tecnosegno","isPartOf":{"@id":"https:\/\/tecnosegno.it\/#website"},"datePublished":"2026-01-29T16:43:50+00:00","dateModified":"2026-01-29T17:10:07+00:00","breadcrumb":{"@id":"https:\/\/tecnosegno.it\/?page_id=1872#breadcrumb"},"inLanguage":"it-IT","potentialAction":[{"@type":"ReadAction","target":["https:\/\/tecnosegno.it\/?page_id=1872"]}]},{"@type":"BreadcrumbList","@id":"https:\/\/tecnosegno.it\/?page_id=1872#breadcrumb","itemListElement":[{"@type":"ListItem","position":1,"name":"Home","item":"https:\/\/tecnosegno.it\/"},{"@type":"ListItem","position":2,"name":"Cookie Policy"}]},{"@type":"WebSite","@id":"https:\/\/tecnosegno.it\/#website","url":"https:\/\/tecnosegno.it\/","name":"Tecnosegno","description":"","potentialAction":[{"@type":"SearchAction","target":{"@type":"EntryPoint","urlTemplate":"https:\/\/tecnosegno.it\/?s={search_term_string}"},"query-input":{"@type":"PropertyValueSpecification","valueRequired":true,"valueName":"search_term_string"}}],"inLanguage":"it-IT"}]}},"_links":{"self":[{"href":"https:\/\/tecnosegno.it\/index.php?rest_route=\/wp\/v2\/pages\/1872","targetHints":{"allow":["GET"]}}],"collection":[{"href":"https:\/\/tecnosegno.it\/index.php?rest_route=\/wp\/v2\/pages"}],"about":[{"href":"https:\/\/tecnosegno.it\/index.php?rest_route=\/wp\/v2\/types\/page"}],"author":[{"embeddable":true,"href":"https:\/\/tecnosegno.it\/index.php?rest_route=\/wp\/v2\/users\/1"}],"replies":[{"embeddable":true,"href":"https:\/\/tecnosegno.it\/index.php?rest_route=%2Fwp%2Fv2%2Fcomments&post=1872"}],"version-history":[{"count":16,"href":"https:\/\/tecnosegno.it\/index.php?rest_route=\/wp\/v2\/pages\/1872\/revisions"}],"predecessor-version":[{"id":1924,"href":"https:\/\/tecnosegno.it\/index.php?rest_route=\/wp\/v2\/pages\/1872\/revisions\/1924"}],"wp:attachment":[{"href":"https:\/\/tecnosegno.it\/index.php?rest_route=%2Fwp%2Fv2%2Fmedia&parent=1872"}],"curies":[{"name":"wp","href":"https:\/\/api.w.org\/{rel}","templated":true}]}}