{"id":1871,"date":"2026-01-29T16:43:40","date_gmt":"2026-01-29T16:43:40","guid":{"rendered":"https:\/\/tecnosegno.it\/?page_id=1871"},"modified":"2026-01-29T17:10:35","modified_gmt":"2026-01-29T17:10:35","slug":"terms-of-use","status":"publish","type":"page","link":"https:\/\/tecnosegno.it\/?page_id=1871","title":{"rendered":"Terms of use"},"content":{"rendered":"\t\t<div data-elementor-type=\"wp-page\" data-elementor-id=\"1871\" class=\"elementor elementor-1871\">\n\t\t\t\t<div class=\"elementor-element elementor-element-43872355 e-flex e-con-boxed e-con e-parent\" data-id=\"43872355\" data-element_type=\"container\" data-e-type=\"container\">\n\t\t\t\t\t<div class=\"e-con-inner\">\n\t\t\t\t<div class=\"elementor-element elementor-element-4f27526f elementor-widget elementor-widget-text-editor\" data-id=\"4f27526f\" data-element_type=\"widget\" data-e-type=\"widget\" data-widget_type=\"text-editor.default\">\n\t\t\t\t\t\t\t\t\t<p class=\"p1\">Terms of use<\/p><p class=\"p2\"><b>SITO TECNOSEGNO \u2013 CONDIZIONI DI UTILIZZO<\/b><b><\/b><\/p><p class=\"p2\">Mediante l\u2019accesso a qualunque parte o sezione del presente Sito, l\u2019utente accetta di essere legalmente vincolato dai termini e dalle condizioni seguenti.<\/p><p class=\"p2\">\u00a0<\/p><p class=\"p2\"><b>Definizioni<\/b><b><\/b><\/p><p class=\"p2\">Con \u201cTecnosegno\u201d s\u2019intende Tecnosegno SNC \u2013 societ\u00e0 con unico socio con sede legale in Viale Italia 5 , PONSACCO (PI) 56038<\/p><p class=\"p2\">\u201cSito\u201d indica il sito web www.tecnosegno.it, e tutti i suoi sottodomini, di Tecnosegno, gestito da quest\u2019ultima e\/o dai suoi fornitori.<\/p><p class=\"p2\">Con \u201cUtente\u201d o \u201cLei\u201d s\u2019intende qualsiasi visitatore o utente del Sito.<\/p><p class=\"p2\">\u00a0<\/p><p class=\"p2\"><b>Diritti di propriet\u00e0 intellettuale<\/b><b><\/b><\/p><p class=\"p2\">Le informazioni, i dati, i software, le fotografie, i grafici, i video, gli sfondi, i caratteri, la grafica, la musica, i suoni, le immagini, le illustrazioni, i disegni, le icone, i testi e ogni altro materiale presente sul Sito sono opere di propriet\u00e0 di Tecnosegno\u00a0e\/o di terzi, tutelate dal diritto d\u2019autore.<\/p><p class=\"p2\">La duplicazione, la riproduzione, anche se parziale, il download, il salvataggio, la pubblicazione o la diffusione con qualsiasi mezzo e in generale qualsivoglia azione di trasferimento o uso delle informazioni o del materiale presenti sul sito, in qualsiasi forma, con mezzi e tecnologie esistenti o sviluppate in futuro, sono vietati in assenza di un\u2019esplicita comunicazione contraria da parte del legittimo proprietario.<\/p><p class=\"p2\">\u00a0<\/p><p class=\"p2\"><b>Marchi<\/b><b><\/b><\/p><p class=\"p2\">\u201cTecnosegno\u201d \u00e8 un marchio denominativo e figurativo di propriet\u00e0 di \u00a0Tecnosegno; sono altres\u00ec registrati da quest\u2019ultima anche i loghi utilizzati nel Sito.<\/p><p class=\"p2\">I marchi e i loghi di terzi utilizzati nel Sito sono di propriet\u00e0 esclusiva dei rispettivi titolari.<\/p><p class=\"p2\">L\u2019uso e la riproduzione in qualsiasi forma e modo dei suddetti marchi e loghi sono severamente vietati.<\/p><p class=\"p2\">\u00a0<\/p><p class=\"p2\"><b>Uso consentito<\/b><b><\/b><\/p><p class=\"p2\">L\u2019Utente ha la facolt\u00e0 di utilizzare il Sito per effettuare operazioni legittime e s\u2019impegna a non utilizzarlo per attivit\u00e0 speculative, ingannevoli o fraudolente.<\/p><p class=\"p2\">Se non diversamente ed espressamente specificato, tutte le parti o sezioni del presente Sito, le informazioni e il materiale disponibili in esso, sono destinati esclusivamente all\u2019uso previsto di consultazione e lettura.<\/p><p class=\"p2\">\u00a0<\/p><p class=\"p2\"><b>Limitazione generale della responsabilit\u00e0<\/b><b><\/b><\/p><p class=\"p2\">Le informazioni, il software e i servizi inclusi o disponibili nel Sito possono contenere imprecisioni o errori.<\/p><p class=\"p2\">Le informazioni vengono periodicamente modificate. Tecnosegno\u00a0e\/o i suoi fornitori si riservano il diritto di apportare miglioramenti e\/o cambiamenti al Sito e\/o ai servizi in qualsiasi momento.<\/p><p class=\"p2\">Tecnosegno\u00a0e\/o i suoi fornitori non rilasciano alcuna garanzia o dichiarazione circa l\u2019appropriatezza, l\u2019affidabilit\u00e0, la disponibilit\u00e0, la tempestivit\u00e0, l\u2019assenza di virus, o di altri componenti che possono causare danni, e circa l\u2019accuratezza delle informazioni, del software, dei servizi e della relativa grafica contenuti nel Sito o nei servizi offerti in relazione a qualsivoglia fine.<\/p><p class=\"p2\">In nessun caso Tecnosegno\u00a0e\/o i suoi fornitori potranno essere ritenuti responsabili per danni diretti, indiretti, punitivi, incidentali, speciali e secondari o per danni di qualsiasi tipo, compresi i danni per perdita d\u2019uso, di dati o profitti, derivanti da, o in qualche modo connessi all\u2019utilizzo o esecuzione del Sito\/dei servizi, al ritardo o all\u2019impossibilit\u00e0 di utilizzare il Sito o i relativi servizi, alla fornitura o alla mancata fornitura dei servizi, o a qualsiasi informazione, software, prodotto, servizio e alla relativa grafica ottenuti tramite il Sito.<\/p><p class=\"p2\">In nessun caso Tecnosegno e i suoi amministratori, funzionari, dipendenti o collaboratori potranno essere ritenuti responsabili per lesioni, perdite, rivendicazioni, danni, incidentali o indiretti di qualsiasi tipo, basati su contratti, azioni illecite o altro, derivanti da, o in qualsiasi modo connessi all\u2019utilizzo del Sito in modo non conforme ai termini e alle condizioni enunciati in questa sede, anche se Tecnosegno\u00a0\u00e8 informata della possibilit\u00e0 di tale danno.<\/p><p class=\"p2\">\u00a0<\/p><p class=\"p2\"><b>Link ad altri siti web<\/b><b><\/b><\/p><p class=\"p2\">Il Sito contiene riferimenti a prodotti e servizi forniti da terzi o collegamenti a siti web di terzi.<\/p><p class=\"p2\">Tecnosegno\u00a0non fornisce alcuna garanzia, n\u00e9 si assume alcuna responsabilit\u00e0 per l\u2019accuratezza e completezza delle informazioni e del contenuto forniti da terzi, o inseriti nei siti web di detti terzi.<\/p><p class=\"p2\">Tecnosegno\u00a0non \u00e8 responsabile del contenuto, della disponibilit\u00e0, operativit\u00e0 o esecuzione di qualsiasi altro sito web, a cui il Sito possa essere collegato o da cui si possa accedere al Sito.<\/p><p class=\"p2\">\u00a0<\/p><p class=\"p2\"><b>Service di hosting<\/b><b><\/b><\/p><p class=\"p2\">Il Sito \u00e8 ospitato sulla piattaforma Amazon Elastic Compute Cloud (Amazon EC2).<\/p><p class=\"p2\">\u00a0<\/p><p class=\"p2\"><b>Tutela della privacy\u00a0<\/b><b><\/b><\/p><p class=\"p2\">Tecnosegno\u00a0s\u2019impegna al rispetto della privacy e della sicurezza degli Utenti. I dati che saranno volontariamente comunicati dall\u2019Utente a Lamborghini attraverso il Sito saranno trattati con la massima attenzione e con tutti gli strumenti atti a garantirne la sicurezza, nel pieno rispetto della normativa italiana vigente a tutela della riservatezza secondo quanto specificato nell\u2019informativa fornita. Si rimanda alla privacy policy e alle informative pubblicate nelle pagine di raccolta dati per maggiori dettagli.<\/p><p class=\"p2\">\u00a0<\/p><p class=\"p3\"><b>Cookies<\/b><b><\/b><\/p><p class=\"p2\">Maggiori informazioni relative al tipo di cookie che vengono utilizzati e a come disabilitarne l\u2019installazione sul proprio computer sono disponibili nella\u00a0<a href=\"http:\/\/www.tecnosegno.it\/privacy-and-cookies\/cookie\/\"><span class=\"s1\"><b>PAGINA COOKIES POLICY.<\/b><b><\/b><\/span><\/a><\/p><p class=\"p2\">\u00a0<\/p><p class=\"p2\"><b>Contenuto e sezioni di terzi.<\/b><b><\/b><\/p><p class=\"p2\">Il Sito contiene sezioni, articoli e in generale materiale gestito o fornito da terzi.<\/p><p class=\"p2\">Tecnosegno\u00a0non si assume alcuna responsabilit\u00e0 circa la legalit\u00e0, veridicit\u00e0, accuratezza, completezza o qualsivoglia caratteristica del suddetto materiale o delle sezioni del Sito gestite da terzi.<\/p><p class=\"p2\">La responsabilit\u00e0 per il contenuto del suddetto materiale o sezioni di Sito, inclusa la propriet\u00e0 e la legittimit\u00e0 dell\u2019uso di testi, immagini, fotografie, musica, clip, o altro, spetta esclusivamente ai terzi citati. Qualsiasi reclamo riguardante il contenuto del materiale o delle sezioni del Sito gestiti o forniti da terzi \u00e8 da indirizzarsi esclusivamente ai rispettivi autori o fornitori.<\/p><p class=\"p2\">\u00a0<\/p><p class=\"p2\"><b>Comunicazioni ed eventuali reclami<\/b><b><\/b><\/p><p class=\"p2\">Tecnosegno rimuover\u00e0 tempestivamente il materiale inserito sul Sito che risulter\u00e0 essere di propriet\u00e0 di terzi diversi dai citati autori o fornitori del materiale o della sezione, che possono legittimamente rivendicare diritti o interessi sul materiale o sul suo contenuto, o qualora il materiale o il suo contenuto ledano interessi o diritti tutelati dalla legge o costituiscano una violazione di legge.<\/p><p class=\"p2\">Qualsiasi richiesta, segnalazione o reclamo \u00e8 da inviarsi a:<\/p><p class=\"p2\">Tecnosegno SNC<\/p><p class=\"p2\">Viale Italia 5 , PONSACCO (PI) 56038<\/p><p class=\"p2\">0587-730690<\/p><p class=\"p4\"><span class=\"s2\">Email:\u00a0<a href=\"mailto:tecnosegno@tecnosegno.it\"><span class=\"s1\"><b>tecnosegno@tecnosegno.it<\/b><b><\/b><\/span><\/a><\/span><\/p><p class=\"p2\">\u00a0<\/p><p class=\"p2\"><b>Interruzione del servizio<\/b><b><\/b><\/p><p class=\"p2\">Tecnosegno potr\u00e0 terminare o sospendere l\u2019accesso dell\u2019Utente a tutto o a parte del Sito, in qualunque momento, a propria esclusiva discrezione.<\/p><p class=\"p2\">\u00a0<\/p><p class=\"p2\"><b>Condizioni generali<\/b><b><\/b><\/p><p class=\"p2\">Le condizioni e i termini qui riportati rappresentano l\u2019intero accordo tra Lei e Tecnosegno in merito all\u2019uso del Sito e sostituiscono qualsiasi precedente dichiarazione o accordo.<\/p><p class=\"p2\">L\u2019Utente dichiara di essere informato riguardo al fatto che l\u2019acquisto o la prenotazione di prodotti o servizi, la fruizione di particolari servizi o parti specifiche del Sito sono regolati da ulteriori limitazioni legali e\/o contrattuali, secondo le indicazioni fornite sul Sito.<\/p><p class=\"p2\">In qualsiasi momento e a sua esclusiva discrezione,Tecnosegno potr\u00e0 modificare i termini e le condizioni qui riportati e pubblicare sul Sito i nuovi termini e le nuove condizioni che entreranno in vigore a partire dalla loro pubblicazione sul presente Sito. L\u2019uso del Sito da parte dell\u2019Utente sar\u00e0 regolato dalle condizioni e dai termini pubblicati sul Sito al momento dell\u2019uso.<\/p><p class=\"p2\">In caso dovessero sorgere dubbi in merito al significato o all\u2019interpretazione di queste condizioni, prevarr\u00e0 il testo in lingua italiana.<\/p><p class=\"p2\">Legge applicabile e foro competente<\/p><p class=\"p2\">I\u00a0presenti termini e condizioni sono regolati dalla legge italiana.<\/p><p class=\"p2\">Per ogni controversia derivante da o connessa ai presenti termini e condizioni sar\u00e0 competente in via esclusiva il Foro di Bologna, Italia, fatto salva l\u2019applicazione di norme imperative a favore del \u201cconsumatore\u201d.<\/p><p class=\"p2\">V.2015\/10\/07<\/p>\t\t\t\t\t\t\t\t<\/div>\n\t\t\t\t<div class=\"elementor-element elementor-element-3fa0fb7 elementor-align-center elementor-widget elementor-widget-button\" data-id=\"3fa0fb7\" data-element_type=\"widget\" data-e-type=\"widget\" data-widget_type=\"button.default\">\n\t\t\t\t\t\t\t\t\t\t<a class=\"elementor-button elementor-button-link elementor-size-sm\" href=\"https:\/\/tecnosegno.it\/\">\n\t\t\t\t\t\t<span class=\"elementor-button-content-wrapper\">\n\t\t\t\t\t\t\t\t\t<span class=\"elementor-button-text\">TORNA IN HOMEPAGE<\/span>\n\t\t\t\t\t<\/span>\n\t\t\t\t\t<\/a>\n\t\t\t\t\t\t\t\t<\/div>\n\t\t\t\t\t<\/div>\n\t\t\t\t<\/div>\n\t\t\t\t<\/div>\n\t\t","protected":false},"excerpt":{"rendered":"<p>Terms of use SITO TECNOSEGNO \u2013 CONDIZIONI DI UTILIZZO Mediante l\u2019accesso a qualunque parte o sezione del presente Sito, l\u2019utente accetta di essere legalmente vincolato dai termini e dalle condizioni seguenti. \u00a0 Definizioni Con \u201cTecnosegno\u201d s\u2019intende Tecnosegno SNC \u2013 societ\u00e0 con unico socio con sede legale in Viale Italia 5 , PONSACCO (PI) 56038 \u201cSito\u201d [&hellip;]<\/p>\n","protected":false},"author":1,"featured_media":0,"parent":0,"menu_order":0,"comment_status":"closed","ping_status":"closed","template":"","meta":{"_joinchat":[],"footnotes":""},"class_list":["post-1871","page","type-page","status-publish","hentry"],"yoast_head":"<!-- This site is optimized with the Yoast SEO plugin v27.3 - https:\/\/yoast.com\/product\/yoast-seo-wordpress\/ -->\n<title>Terms of use - Tecnosegno<\/title>\n<meta name=\"robots\" content=\"index, follow, max-snippet:-1, max-image-preview:large, max-video-preview:-1\" \/>\n<link rel=\"canonical\" href=\"https:\/\/tecnosegno.it\/?page_id=1871\" \/>\n<meta property=\"og:locale\" content=\"it_IT\" \/>\n<meta property=\"og:type\" content=\"article\" \/>\n<meta property=\"og:title\" content=\"Terms of use - Tecnosegno\" \/>\n<meta property=\"og:description\" content=\"Terms of use SITO TECNOSEGNO \u2013 CONDIZIONI DI UTILIZZO Mediante l\u2019accesso a qualunque parte o sezione del presente Sito, l\u2019utente accetta di essere legalmente vincolato dai termini e dalle condizioni seguenti. \u00a0 Definizioni Con \u201cTecnosegno\u201d s\u2019intende Tecnosegno SNC \u2013 societ\u00e0 con unico socio con sede legale in Viale Italia 5 , PONSACCO (PI) 56038 \u201cSito\u201d [&hellip;]\" \/>\n<meta property=\"og:url\" content=\"https:\/\/tecnosegno.it\/?page_id=1871\" \/>\n<meta property=\"og:site_name\" content=\"Tecnosegno\" \/>\n<meta property=\"article:modified_time\" content=\"2026-01-29T17:10:35+00:00\" \/>\n<meta name=\"twitter:card\" content=\"summary_large_image\" \/>\n<meta name=\"twitter:label1\" content=\"Tempo di lettura stimato\" \/>\n\t<meta name=\"twitter:data1\" content=\"7 minuti\" \/>\n<script type=\"application\/ld+json\" class=\"yoast-schema-graph\">{\"@context\":\"https:\\\/\\\/schema.org\",\"@graph\":[{\"@type\":\"WebPage\",\"@id\":\"https:\\\/\\\/tecnosegno.it\\\/?page_id=1871\",\"url\":\"https:\\\/\\\/tecnosegno.it\\\/?page_id=1871\",\"name\":\"Terms of use - Tecnosegno\",\"isPartOf\":{\"@id\":\"https:\\\/\\\/tecnosegno.it\\\/#website\"},\"datePublished\":\"2026-01-29T16:43:40+00:00\",\"dateModified\":\"2026-01-29T17:10:35+00:00\",\"breadcrumb\":{\"@id\":\"https:\\\/\\\/tecnosegno.it\\\/?page_id=1871#breadcrumb\"},\"inLanguage\":\"it-IT\",\"potentialAction\":[{\"@type\":\"ReadAction\",\"target\":[\"https:\\\/\\\/tecnosegno.it\\\/?page_id=1871\"]}]},{\"@type\":\"BreadcrumbList\",\"@id\":\"https:\\\/\\\/tecnosegno.it\\\/?page_id=1871#breadcrumb\",\"itemListElement\":[{\"@type\":\"ListItem\",\"position\":1,\"name\":\"Home\",\"item\":\"https:\\\/\\\/tecnosegno.it\\\/\"},{\"@type\":\"ListItem\",\"position\":2,\"name\":\"Terms of use\"}]},{\"@type\":\"WebSite\",\"@id\":\"https:\\\/\\\/tecnosegno.it\\\/#website\",\"url\":\"https:\\\/\\\/tecnosegno.it\\\/\",\"name\":\"Tecnosegno\",\"description\":\"\",\"potentialAction\":[{\"@type\":\"SearchAction\",\"target\":{\"@type\":\"EntryPoint\",\"urlTemplate\":\"https:\\\/\\\/tecnosegno.it\\\/?s={search_term_string}\"},\"query-input\":{\"@type\":\"PropertyValueSpecification\",\"valueRequired\":true,\"valueName\":\"search_term_string\"}}],\"inLanguage\":\"it-IT\"}]}<\/script>\n<!-- \/ Yoast SEO plugin. -->","yoast_head_json":{"title":"Terms of use - Tecnosegno","robots":{"index":"index","follow":"follow","max-snippet":"max-snippet:-1","max-image-preview":"max-image-preview:large","max-video-preview":"max-video-preview:-1"},"canonical":"https:\/\/tecnosegno.it\/?page_id=1871","og_locale":"it_IT","og_type":"article","og_title":"Terms of use - Tecnosegno","og_description":"Terms of use SITO TECNOSEGNO \u2013 CONDIZIONI DI UTILIZZO Mediante l\u2019accesso a qualunque parte o sezione del presente Sito, l\u2019utente accetta di essere legalmente vincolato dai termini e dalle condizioni seguenti. \u00a0 Definizioni Con \u201cTecnosegno\u201d s\u2019intende Tecnosegno SNC \u2013 societ\u00e0 con unico socio con sede legale in Viale Italia 5 , PONSACCO (PI) 56038 \u201cSito\u201d [&hellip;]","og_url":"https:\/\/tecnosegno.it\/?page_id=1871","og_site_name":"Tecnosegno","article_modified_time":"2026-01-29T17:10:35+00:00","twitter_card":"summary_large_image","twitter_misc":{"Tempo di lettura stimato":"7 minuti"},"schema":{"@context":"https:\/\/schema.org","@graph":[{"@type":"WebPage","@id":"https:\/\/tecnosegno.it\/?page_id=1871","url":"https:\/\/tecnosegno.it\/?page_id=1871","name":"Terms of use - Tecnosegno","isPartOf":{"@id":"https:\/\/tecnosegno.it\/#website"},"datePublished":"2026-01-29T16:43:40+00:00","dateModified":"2026-01-29T17:10:35+00:00","breadcrumb":{"@id":"https:\/\/tecnosegno.it\/?page_id=1871#breadcrumb"},"inLanguage":"it-IT","potentialAction":[{"@type":"ReadAction","target":["https:\/\/tecnosegno.it\/?page_id=1871"]}]},{"@type":"BreadcrumbList","@id":"https:\/\/tecnosegno.it\/?page_id=1871#breadcrumb","itemListElement":[{"@type":"ListItem","position":1,"name":"Home","item":"https:\/\/tecnosegno.it\/"},{"@type":"ListItem","position":2,"name":"Terms of use"}]},{"@type":"WebSite","@id":"https:\/\/tecnosegno.it\/#website","url":"https:\/\/tecnosegno.it\/","name":"Tecnosegno","description":"","potentialAction":[{"@type":"SearchAction","target":{"@type":"EntryPoint","urlTemplate":"https:\/\/tecnosegno.it\/?s={search_term_string}"},"query-input":{"@type":"PropertyValueSpecification","valueRequired":true,"valueName":"search_term_string"}}],"inLanguage":"it-IT"}]}},"_links":{"self":[{"href":"https:\/\/tecnosegno.it\/index.php?rest_route=\/wp\/v2\/pages\/1871","targetHints":{"allow":["GET"]}}],"collection":[{"href":"https:\/\/tecnosegno.it\/index.php?rest_route=\/wp\/v2\/pages"}],"about":[{"href":"https:\/\/tecnosegno.it\/index.php?rest_route=\/wp\/v2\/types\/page"}],"author":[{"embeddable":true,"href":"https:\/\/tecnosegno.it\/index.php?rest_route=\/wp\/v2\/users\/1"}],"replies":[{"embeddable":true,"href":"https:\/\/tecnosegno.it\/index.php?rest_route=%2Fwp%2Fv2%2Fcomments&post=1871"}],"version-history":[{"count":10,"href":"https:\/\/tecnosegno.it\/index.php?rest_route=\/wp\/v2\/pages\/1871\/revisions"}],"predecessor-version":[{"id":1930,"href":"https:\/\/tecnosegno.it\/index.php?rest_route=\/wp\/v2\/pages\/1871\/revisions\/1930"}],"wp:attachment":[{"href":"https:\/\/tecnosegno.it\/index.php?rest_route=%2Fwp%2Fv2%2Fmedia&parent=1871"}],"curies":[{"name":"wp","href":"https:\/\/api.w.org\/{rel}","templated":true}]}}